p**2 + 60*p - 1127. Calculate f(-12).
25
Let b(s) = -s**3 + 192*s**2 - 8326*s + 642. Determine b(66).
-18
Let l(k) = -13066*k - 77999. What is l(-6)?
397
Let v(t) = t**2 - 3488*t - 148287. Give v(-42).
-27
Let n(b) = -811*b + 3049. What is n(3)?
616
Let y(t) = t**3 - 67*t**2 + 771*t - 2439. Give y(6).
-9
Let j(r) = -r**3 - 299*r**2 - 1274*r - 357. What is j(-4)?
19
Let z(p) = -p**3 + 27*p**2 - 2133*p + 84440. Calculate z(35).
-15
Let q(i) = -483*i + 2099. What is q(4)?
167
Let l(u) = 4347*u - 56178. Give l(13).
333
Let v(n) = n**3 - 143*n**2 - 32318*n + 1521. What is v(-122)?
57
Let r(g) = -5774*g + 231041. Give r(40).
81
Let x(l) = 45169*l + 225843. Determine x(-5).
-2
Let p(a) = -a**3 + 1070*a**2 + 1002*a - 68. What is p(-1)?
1
Let k(y) = y**2 - 62*y - 19555. Calculate k(-112).
-67
Let o(z) = -5*z**3 + 18*z**2 + 88*z - 63. What is o(-4)?
193
Let q(p) = 150*p**2 + 34*p - 37. Calculate q(0).
-37
Let x(u) = 3*u**2 + 922*u - 22825. Determine x(23).
-32
Let x(s) = -9*s**2 + 50462*s - 100877. What is x(2)?
11
Let a(o) = o**3 - 27*o**2 + 190*o + 6. Give a(8).
310
Let h(k) = 858*k + 78338. Determine h(-94).
-2314
Let h(l) = 4462*l + 13471. What is h(-3)?
85
Let u(i) = 280*i**2 - 11470*i - 437. Give u(41).
-27
Let q(a) = 43*a**2 - 5119*a + 29379. Give q(113).
-1
Let n(l) = -12*l - 1454. What is n(-119)?
-26
Let t(a) = -10*a**2 + 1124*a - 518. Calculate t(112).
-70
Let s(u) = u**3 + 59*u**2 - 13*u - 3159. Determine s(-58).
959
Let m(u) = -659084*u + 1977246. Determine m(3).
-6
Let z(h) = -2*h**3 + 341*h**2 - 9379*h - 745. Determine z(136).
-65
Let h(i) = -i**2 + 16*i - 553. Calculate h(-14).
-973
Let f(s) = 5027*s + 30195. Give f(-6).
33
Let d(y) = 35726*y - 821693. What is d(23)?
5
Let k(a) = a**3 + 32*a**2 + 238*a + 304. Give k(-8).
-64
Let w(d) = 2*d**3 + 618*d**2 + 591*d - 5249. Determine w(-308).
2451
Let z(u) = -u**2 + 55*u + 7828. Determine z(-64).
212
Let c(l) = -25*l**3 + 206*l**2 - 82*l + 269. What is c(8)?
-3
Let c(b) = 2*b**2 - 11014*b + 675191. Give c(62).
11
Let h(n) = 285*n + 3767. Calculate h(-13).
62
Let a(v) = -22*v**2 - 609*v - 935. Give a(-26).
27
Let o(p) = -p**2 + 2106*p - 183416. Calculate o(91).
-51
Let d(q) = -2319*q - 964699. What is d(-416)?
5
Let w(m) = -m**2 + 404*m - 8843. What is w(23)?
-80
Let q(u) = 2202*u - 61736. Determine q(28).
-80
Let f(k) = -74*k**2 - 1127*k - 7. Determine f(-15).
248
Let x(m) = -24*m**3 - 909*m**2 + 135*m + 850. What is x(-38)?
52
Let p(y) = -430*y + 5266. Determine p(14).
-754
Let g(a) = -4*a**2 + 262*a + 1412. Give g(-5).
2
Let m(b) = -12156*b + 887412. Determine m(73).
24
Let h(o) = o**2 - 680*o + 109191. What is h(421)?
152
Let f(j) = 12*j**2 + 1492*j + 14120. Calculate f(-114).
-16
Let c(b) = -64*b - 2067. Give c(-14).
-1171
Let y(s) = -1262*s**2 + 13933*s + 110. What is y(11)?
671
Let h(f) = -54*f**2 - 2267*f - 11647. Calculate h(-6).
11
Let r(w) = -w**3 + 108*w**2 - 2555*w - 10. What is r(73)?
-10
Let f(d) = 7*d**3 + 288*d**2 - 55*d + 8167. What is f(-42)?
-107
Let v(r) = -2854*r - 65649. Calculate v(-23).
-7
Let w(g) = 25925*g + 15295738. Calculate w(-590).
-12
Let m(o) = o**3 - 502*o**2 - 82934*o - 1435. Determine m(-131).
6
Let j(t) = t**3 - 2*t**2 - 31*t - 43. Determine j(-5).
-63
Let v(c) = 11*c**2 - 1410*c + 21039. Calculate v(15).
2364
Let o(f) = -25028*f - 225219. What is o(-9)?
33
Let j(y) = -518*y**2 - 32086*y + 1861. Give j(-62).
1
Let g(a) = 2*a**3 + 14*a**2 + 47*a + 102. Determine g(-6).
-108
Let d(r) = -r**2 - 606*r - 4683. Give d(-8).
101
Let c(t) = 4*t**3 - 1804*t**2 - 282*t + 127177. Calculate c(451).
-5
Let v(h) = h**3 - 594*h**2 + 1169*h + 8891. Give v(592).
11
Let l(q) = 2*q**3 + 33*q**2 + 21*q - 79. Determine l(-18).
-1429
Let s(r) = 2*r**3 + 26*r**2 - 125*r - 1856. Determine s(-11).
3
Let c(f) = 11*f**3 - 198*f**2 + 177*f + 164. What is c(17)?
-6
Let d(q) = -452*q - 28932. Calculate d(-64).
-4
Let d(u) = -7*u**2 + 320*u + 35897. Calculate d(98).
29
Let n(x) = -123*x**2 - 126*x + 612. What is n(-3)?
-117
Let l(p) = p**2 - 51*p - 1655. Calculate l(-22).
-49
Let m(t) = -16535*t - 50019. Give m(-3).
-414
Let k(a) = a**3 - 187*a**2 - 1362*a + 185978. Calculate k(189).
2
Let b(f) = -3*f**3 + 195*f**2 + 381*f + 1671. Calculate b(67).
264
Let r(k) = 2*k**2 + 614*k + 47003. Give r(-162).
23
Let v(r) = 164052*r + 656207. Determine v(-4).
-1
Let c(u) = 8*u - 996. Calculate c(63).
-492
Let t(u) = -216*u + 44984. Calculate t(227).
-4048
Let w(h) = -h**3 - 10*h**2 + 252*h + 369. Give w(-21).
-72
Let b(z) = -32*z**3 - 65*z**2 + 14*z + 24. Give b(-2).
-8
Let c(r) = r**3 + 57*r**2 + 804*r - 187. What is c(-27)?
-25
Let w(c) = 4*c**3 + 570*c**2 - 1681*c + 6. Determine w(3).
201
Let u(w) = -7*w**2 + 2608*w - 5208. Determine u(2).
-20
Let i(w) = -2580*w + 11594. What is i(5)?
-1306
Let b(g) = -2673*g - 24162. Give b(-9).
-105
Let m(r) = 5*r**3 - 86*r**2 + 1284*r - 21524. Calculate m(17).
15
Let a(v) = -381169*v - 762326. Give a(-2).
12
Let n(u) = 115*u**2 + 1898*u - 976. Give n(-17).
-7
Let y(t) = -t**2 + 7703*t + 115806. What is y(-15)?
36
Let g(p) = -4*p**3 + 60*p**2 - 3338*p + 50115. Determine g(15).
45
Let o(j) = -320*j + 1920. What is o(6)?
0
Let j(b) = -44*b - 810. Determine j(-23).
202
Let k(x) = 9*x**2 - 2940*x + 17642. Determine k(6).
326
Let v(p) = -17*p**2 + 294*p + 4102. Calculate v(-9).
79
Let b(j) = -2*j**3 - 345*j**2 - 134*j + 121722. Give b(-170).
2
Let u(d) = 525*d - 3077. What is u(4)?
-977
Let j(u) = -u**3 - 29*u**2 + 63*u + 593. Calculate j(-8).
-1255
Let l(s) = 386*s - 9000. Give l(23).
-122
Let z(f) = 783936*f - 67418498. Give z(86).
-2
Let j(g) = -g**2 + 1027*g - 145018. Determine j(169).
-16
Let g(l) = -9*l**2 + 695*l - 10287. Give g(20).
13
Let c(s) = -2*s**3 - 42*s**2 + 966*s + 2832. Determine c(-34).
44
Let h(g) = 4*g**2 + 2906*g + 51035. Calculate h(-18).
23
Let m(h) = -h**2 - 674*h + 64503. What is m(85)?
-12
Let w(y) = -15941*y - 31881. Give w(-2).
1
Let m(y) = -758*y + 36919. Calculate m(48).
535
Let r(u) = -1738035*u + 29546583. What is r(17)?
-12
Let q(n) = 13*n**2 + 367*n - 232. Calculate q(-29).
58
Let z(p) = -265*p - 47026. What is z(-178)?
144
Let a(y) = -y**3 + 43*y**2 + 6*y + 16. Determine a(43).
274
Let k(m) = -m**3 + 152*m**2 + 5391*m - 25703. Calculate k(181).
-1
Let s(z) = -2*z**3 - 12*z**2 + 296*z - 2446. What is s(-18)?
2
Let w(m) = m**2 + 16573*m + 661116. Give w(-40).
-204
Let i(c) = 9*c**3 + 78*c**2 - 26*c - 7. Calculate i(0).
-7
Let o(n) = 18749*n - 674956. Calculate o(36).
8
Let w(y) = -9173*y - 495257. Give w(-54).
85
Let n(x) = 2762*x + 49687. Calculate n(-18).
-29
Let s(a) = 1998*a - 21929. Calculate s(11).
49
Let n(b) = 110509*b - 4972901. Give n(45).
4
Let c(v) = -v**2 + 660*v - 21914. What is c(35)?
-39
Let b(h) = -6*h**3 - 459*h**2 - 231*h - 227. Determine b(-76).
1
Let u(r) = -18*r**2 + 77*r + 37. What is u(6)?
-149
Let n(u) = u**3 - 34*u**2 + 50841*u - 1676652. Calculate n(33).
12
Let w(m) = -201*m**2 - 1071*m - 38. Determine w(-8).
-4334
Let d(v) = -244068*v - 1708488. Give d(-7).
-12
Let o(k) = -k**3 - 99*k**2 - 92*k + 432. What is o(-98)?
-156
Let c(d) = -3*d**3 + 1202*d**2 + 2828*d - 2843. Determine c(403).
-22
Let i(z) = 1608*z - 11738. What is i(6)?
-2090
Let h(t) = -34*t**3 - 4*t**2 + 105*t + 567. Calculate h(-6).
7137
Let d(c) = 765*c**2 - 3351*c + 3. Give d(3).
-3165
Let j(q) = q**2 - 38*q - 5492. Determine j(97).
231
Let x(a) = -269684*a + 21035361. Determine x(78).
9
Let j(i) = 5*i**2 - 177*i + 220. Calculate j(16).
-1332
Let i(z) = -3535*z - 335824. Calculate i(-95).
1
Let z(h) = 8*h**3 - 2719*h**2 - 362*h + 7461. What is z(340)?
-19
Let a(m) = -10*m**2 + 353*m - 490. What is a(33)?
269
Let y(m) = m**3 - 86*m**2 - 297*m + 39062. What is y(84)?
2
Let a(i) = i**3 + 232*i - 761. Determine a(3).
-38
Let t(b) = -b**2 + 289*b - 4388. What is t(273)?
-20
Let j(k) = -k**3 - 13*k**2 + 100*k + 1311. Give j(-10).
11
Let y(v) = 53447*v + 161253. Calculate y(-3).
912
Let i(o) = -4*o**3 - 182*o**2 + 4730*o - 380. Determine i(-64).
4
Let a(h) = -2*h**3 - 7*h**2 - 251*h - 718. Determine a(-3).
26
Let o(h) = 527928*h - 14781991. Give o(28).
-7
Let k(y) = -y**3 - 196*y**2 - 1143*y - 15. Determine k(-6).
3
Let g(y) = 4*y**2 - 391*y + 2874. Give g(8).
2
Let d(p) = -563930*p - 2255704. Give d(-4).
16
Let v(h) = h**3 - 16*h**2 - 6*h 